3?
27
What is the highest common divisor of 980 and 7493300?
20
Calculate the greatest common factor of 225 and 893336265.
45
Calculate the greatest common factor of 83758059 and 5544.
693
Calculate the highest common factor of 9316 and 19448.
68
What is the highest common divisor of 12274 and 485?
1
Calculate the greatest common divisor of 11872 and 5933880.
424
What is the greatest common divisor of 343867 and 902?
41
Calculate the highest common divisor of 378 and 38044053.
27
What is the greatest common factor of 184468815 and 285?
285
What is the greatest common divisor of 10 and 14767795?
5
What is the greatest common divisor of 6952 and 84040?
88
What is the greatest common divisor of 194981976 and 32510?
6502
Calculate the highest common factor of 2073812 and 57.
19
What is the greatest common divisor of 3994 and 36?
2
Calculate the greatest common divisor of 502834412 and 4.
4
Calculate the highest common factor of 2429332 and 1312.
164
What is the highest common factor of 3870243 and 5928?
741
Calculate the highest common factor of 1426932 and 2340.
468
What is the highest common factor of 2897914 and 16243?
37
Calculate the highest common factor of 11011 and 2856854.
1001
What is the greatest common divisor of 1936794 and 638?
58
What is the greatest common factor of 45 and 5513955?
15
What is the highest common factor of 40 and 4721470?
10
Calculate the greatest common divisor of 7366 and 481226.
58
Calculate the greatest common factor of 915788 and 986980.
3236
Calculate the highest common divisor of 2088 and 5115397.
29
Calculate the greatest common factor of 4294 and 833492.
38
What is the greatest common divisor of 131 and 3858343?
131
What is the greatest common divisor of 1968 and 137719?
41
What is the highest common divisor of 19317 and 270297?
141
What is the highest common factor of 402 and 1490514?
6
What is the greatest common factor of 3793823 and 4015?
11
What is the greatest common factor of 37800324 and 216?
108
Calculate the greatest common factor of 1218 and 191672397.
609
Calculate the greatest common divisor of 85805 and 2318700.
655
Calculate the greatest common divisor of 58261 and 193766.
41
What is the highest common factor of 3075 and 8862765?
615
What is the highest common divisor of 8598 and 45702669?
4299
Calculate the greatest common factor of 185142716 and 1804.
1804
What is the greatest common factor of 8868379 and 767?
13
What is the greatest common factor of 519 and 2776032?
3
Calculate the greatest common factor of 63537495 and 41.
41
Calculate the greatest common divisor of 1336594 and 266.
14
What is the greatest common factor of 50480 and 116047210?
6310
Calculate the greatest common factor of 16810 and 11223340.
410
Calculate the highest common divisor of 39458338 and 11066.
1006
Calculate the highest common divisor of 2444274 and 60382.
266
Calculate the greatest common divisor of 2520 and 204813.
63
What is the highest common factor of 17890 and 8820?
10
What is the greatest common factor of 1416 and 1701603896?
472
What is the highest common divisor of 22698 and 981058?
2522
What is the greatest common divisor of 126948 and 863076?
852
Calculate the highest common divisor of 165946 and 67716.
418
What is the highest common divisor of 4223703 and 31141?
1639
What is the greatest common factor of 24834708 and 454?
454
What is the highest common divisor of 375425297 and 10166?
5083
What is the greatest common factor of 858 and 2667489?
33
What is the greatest common divisor of 18 and 192482382?
6
What is the highest common divisor of 2482641 and 4769?
251
What is the highest common divisor of 969 and 1253544?
57
What is the highest common factor of 688389630 and 30?
30
What is the greatest common factor of 9171700 and 450?
50
What is the highest common divisor of 160 and 18940080?
80
Calculate the greatest common factor of 7683900 and 49.
7
What is the highest common factor of 108830 and 29560?
10
What is the highest common divisor of 100872 and 180?
36
Calculate the highest common factor of 271485 and 2241.
27
Calculate the greatest common factor of 2092654730 and 10.
10
What is the highest common divisor of 4961 and 413239?
41
What is the greatest common factor of 134450 and 34250?
50
Calculate the highest common factor of 1392552 and 1584.
72
What is the highest common factor of 2345 and 7769655?
335
Calculate the greatest common factor of 38197015 and 830.
415
What is the highest common divisor of 299554 and 9766?
38
Calculate the highest common factor of 228 and 37027596.
12
Calculate the highest common divisor of 16395415 and 40.
5
Calculate the greatest common factor of 848 and 3952952.
424
What is the greatest common divisor of 546 and 391885221?
273
What is the highest common divisor of 136190246 and 6276?
1046
Calculate the greatest common factor of 87801 and 813.
3
Calculate the greatest common factor of 472 and 1037043.
59
Calculate the greatest common factor of 11920 and 5288800.
80
Calculate the highest common factor of 2759930 and 2030.
290
Calculate the greatest common divisor of 1 and 72596063.
1
What is the highest common divisor of 36633654 and 54?
54
What is the highest common divisor of 15933 and 813261?
339
What is the greatest common factor of 1890028 and 55762?
98
Calculate the greatest common divisor of 14000 and 3610.
10
What is the highest common divisor of 1197259 and 45509?
17
What is the highest common factor of 47125 and 505375?
1625
Calculate the highest common divisor of 150347224 and 96.
8
What is the greatest common divisor of 52 and 13997340?
4
What is the greatest common factor of 27 and 874774134?
27
What is the highest common divisor of 1000 and 2034700?
100
Calculate the highest common factor of 19093061 and 8723.
793
Calculate the greatest common factor of 8232 and 62737542.
294
Calculate the greatest common factor of 48047 and 24081.
23
What is the greatest common divisor of 6400 and 28701800?
200
What is the greatest common factor of 2218920 and 26400?
1320
Calculate the greatest common divisor of 38441184 and 120.
24
What is the highest common factor of 190999 and 406057?
491
Calculate the highest common divisor of 4640 and 126580360.
1160
What is the highest common factor of 744329 and 3811?
37
What is the greatest common factor of 4220 and 5960?
20
Calculate the greatest common factor of 4305970 and 1595060.
1730
What is the greatest common divisor of 12974944 and 736?
736
What is the greatest common factor of 40 and 47535995?
5
Calculate the greatest common divisor of 1560 and 5522940.
60
Calculate the highest common factor of 74720 and 78880.
160
Calculate the highest common factor of 1121813 and 3428.
857
What is the highest common factor of 42 and 31414348?
14
Calculate the greatest common divisor of 965403699 and 3705.
741
What is the greatest common divisor of 215451 and 19647?
333
What is the highest common divisor of 9287 and 12294027?
37
What is the highest common divisor of 2255529 and 15879?
237
Calculate the highest common divisor of 70485 and 161579.
37
Calculate the highest common divisor of 1698414 and 696.
174
What is the highest common factor of 2465 and 1549465?
85
Calculate the greatest common divisor of 22012467 and 51.
51
Calculate the highest common divisor of 26206 and 3230.
2
What is the highest common factor of 5610 and 7291350?
330
Calculate the greatest common factor of 95193 and 70581.
21
What is the highest common divisor of 5776318 and 326100?
2174
What is the greatest common factor of 12320 and 43914640?
6160
Calculate the greatest common divisor of 32 and 9050528.
32
What is the highest common factor of 571 and 47803549?
571
Calculate the highest common factor of 24922246 and 2.
2
Calculate the greatest common divisor of 3828690 and 6555.
285
What is the greatest common divisor of 114 and 7047309?
57
What is the greatest common factor of 13603821 and 179?
179
Calculate the highest common divisor of 1009313670 and 3765.
3765
What is the highest common factor of 7409687 and 6752?
211
What is the greatest common divisor of 125 and 114279250?
125
Calculate the highest common divisor of 1144 and 185791034.
286
What is the greatest common factor of 87670 and 227810?
110
Calculate the highest common factor of 34205676 a